088.
36
Calculate the greatest common divisor of 498980 and 32330.
610
What is the highest common factor of 197393505 and 1245?
1245
Calculate the highest common factor of 92924703 and 36.
9
Calculate the highest common factor of 1172 and 135809602.
586
Calculate the highest common divisor of 1183 and 3103685.
169
What is the greatest common divisor of 294 and 13307154?
42
What is the highest common factor of 979268190 and 857?
857
What is the greatest common divisor of 1659 and 3268563459?
1659
What is the highest common divisor of 37863 and 141309?
63
What is the greatest common divisor of 2619 and 62355771?
2619
What is the highest common factor of 16000 and 64096?
32
What is the greatest common factor of 21357 and 10941677?
113
What is the greatest common divisor of 23 and 151155494?
23
Calculate the highest common factor of 1372 and 82018258.
98
Calculate the highest common divisor of 1809 and 961011.
27
Calculate the greatest common factor of 44785 and 117925.
265
What is the highest common factor of 20080058 and 1472?
46
What is the highest common divisor of 67313262 and 6747?
519
Calculate the greatest common divisor of 1648482 and 22803.
33
Calculate the greatest common factor of 12096 and 24604224.
192
Calculate the greatest common divisor of 54 and 13624596.
18
Calculate the greatest common factor of 90558 and 2608294.
1118
Calculate the greatest common divisor of 50050550 and 2703.
901
Calculate the highest common factor of 7700 and 3028245.
55
Calculate the highest common divisor of 57 and 31858839.
57
Calculate the highest common divisor of 38070 and 840420.
90
Calculate the greatest common divisor of 4040983 and 7805.
223
What is the greatest common factor of 1610890 and 3649?
41
Calculate the greatest common factor of 120195 and 1323.
9
Calculate the greatest common divisor of 6517953 and 3825.
153
What is the greatest common divisor of 111 and 1223997?
111
What is the greatest common divisor of 3348 and 18908388?
1116
Calculate the greatest common divisor of 31209656 and 4476.
1492
Calculate the greatest common factor of 148558712 and 2519.
229
What is the highest common factor of 13 and 296602?
1
What is the highest common divisor of 7802829 and 852?
213
What is the highest common factor of 258 and 677293?
43
What is the highest common divisor of 83284245 and 541?
541
What is the highest common factor of 18532 and 40617624?
452
What is the highest common factor of 4683 and 962649968?
1561
What is the highest common factor of 24 and 85524522?
6
What is the highest common divisor of 552984 and 13512?
24
Calculate the highest common divisor of 148509237 and 4089.
141
What is the greatest common factor of 87640429 and 46905?
3127
Calculate the highest common factor of 3358768 and 448.
112
What is the highest common factor of 25839354 and 102?
102
Calculate the highest common divisor of 13400692 and 2537.
43
What is the greatest common factor of 9873785 and 345?
115
Calculate the greatest common factor of 14150 and 112225.
25
What is the greatest common factor of 793041585 and 420?
105
Calculate the greatest common factor of 375934 and 166231.
247
Calculate the highest common factor of 2521527 and 55875.
447
Calculate the highest common divisor of 7472939 and 548.
137
Calculate the highest common divisor of 1257815 and 218855.
2405
Calculate the highest common factor of 113993160 and 272.
136
Calculate the greatest common divisor of 262946 and 251777.
73
Calculate the greatest common divisor of 2689491 and 861.
21
Calculate the greatest common divisor of 26 and 2878574.
2
What is the greatest common divisor of 66 and 4326366?
66
What is the greatest common divisor of 62612 and 160799?
1423
Calculate the greatest common divisor of 14600 and 45168020.
1460
Calculate the greatest common divisor of 55693000 and 360.
40
Calculate the greatest common divisor of 634 and 1935564277.
317
Calculate the highest common divisor of 339794419 and 17.
17
Calculate the greatest common factor of 114 and 40872914.
38
Calculate the highest common factor of 40112 and 52855408.
1744
What is the highest common factor of 6201032 and 4?
4
Calculate the highest common factor of 330 and 801576534.
66
Calculate the greatest common divisor of 752844 and 1851471.
4377
Calculate the greatest common divisor of 528 and 77667612.
132
Calculate the greatest common divisor of 2883196 and 770954.
2866
Calculate the highest common divisor of 12038 and 309998.
26
Calculate the highest common factor of 699980 and 438052.
4516
What is the highest common divisor of 110 and 4896560?
10
What is the highest common factor of 161288046 and 24?
6
Calculate the highest common factor of 96495 and 805.
35
Calculate the greatest common factor of 2652351 and 38493.
1833
What is the greatest common factor of 102709 and 139294?
271
What is the greatest common factor of 104028043 and 4396?
1099
Calculate the highest common divisor of 812 and 13570840.
116
Calculate the highest common divisor of 311164280 and 616.
56
What is the highest common divisor of 2124 and 170409228?
708
What is the highest common divisor of 17555592 and 372?
12
What is the greatest common divisor of 715738698 and 1548?
774
What is the greatest common factor of 18070745 and 3740?
935
Calculate the greatest common divisor of 210 and 1498020.
30
Calculate the highest common divisor of 29955753 and 232.
29
Calculate the highest common divisor of 29592 and 419631.
411
Calculate the greatest common divisor of 9598363 and 38.
19
Calculate the greatest common divisor of 4980 and 31399260.
60
Calculate the highest common factor of 44845506 and 5256.
1314
What is the highest common factor of 294174 and 1583442?
1062
What is the greatest common divisor of 337603 and 24174077?
2837
What is the highest common divisor of 430 and 15565300?
10
Calculate the highest common factor of 66 and 21503295.
33
What is the greatest common divisor of 3132030 and 550?
110
What is the greatest common factor of 282564 and 10818?
18
Calculate the highest common factor of 8857794 and 8184143.
14333
What is the highest common divisor of 860585 and 2805?
55
Calculate the highest common factor of 1045 and 4202420.
95
Calculate the highest common factor of 550 and 1613986.
22
What is the greatest common divisor of 7517842 and 220949?
697
What is the greatest common divisor of 136496 and 399570?
38
Calculate the highest common divisor of 52606530 and 2700.
270
What is the greatest common divisor of 5322001 and 554?
277
What is the greatest common divisor of 3587918 and 629?
17
Calculate the greatest common divisor of 740986662 and 6162.
6162
What is the highest common divisor of 2066695 and 3090?
515
What is the greatest common divisor of 2100 and 219335100?
300
Calculate the greatest common factor of 34 and 3114.
2
What is the highest common divisor of 260 and 107034520?
20
What is the highest common divisor of 1644500 and 17050?
550
What is the highest common divisor of 140998 and 382630118?
12818
Calculate the greatest common divisor of 54943788 and 3.
3
Calculate the greatest common factor of 4402 and 4544.
142
What is the highest common factor of 1187121 and 1979328?
2379
What is the greatest common factor of 41408 and 4492?
4
Calculate the greatest common divisor of 43372 and 13721042.
3098
What is the highest common divisor of 295505 and 23450?
35
Calculate the highest common factor of 13 and 71786923.
13
What is the highest common divisor of 1372 and 2497321260?
1372
Calculate the highest common divisor of 48 and 627176508.
12
What is the greatest common factor of 13122 and 3156?
6
Calculate the highest common divisor of 32531512 and 1768.
104
Calculate the greatest common factor of 168 and 30176811.
21
What is the highest common divisor of 64366668 and 15442?
2206
What is the highest common factor of 8557011 and 684?
171
Calculate the greatest common divisor of 506 and 2065470.
22
Calculate the highest common factor of 771885 and 89801.
1009
Calculate the highest common divisor of 4506033 and 18396.
21
Calculate the highest common divisor of 962426 and 8170.
1634
What is the highest common factor of 546326 and 113278?
418
Calculate the greatest common factor of 699716 and 76.
4
What is the greatest common factor of 350 and 16376465?
3